*s + 19*s - h. What is the tens digit of s?
5
Let r be (-5)/(-10) + (-18)/(-4). Suppose -3*h = r*u + 1, -u + 4*u + 21 = 5*h. What is the units digit of 1*8 + u + 1?
7
Let s(u) = u**2 + 5. Let a be s(0). Suppose 340 = 5*j + 2*v, -a*v - 98 - 106 = -3*j. What is the units digit of j?
8
Let p be ((-572)/55)/((-4)/50). Suppose -4*o + p = 10. What is the tens digit of o?
3
What is the units digit of 1*(26 - 0) - -5?
1
Suppose 28*z - 16*z = 2472. What is the hundreds digit of z?
2
Let y = 19 - -3. Let m = 24 + y. What is the units digit of m?
6
What is the units digit of 260/(((-11)/((-77)/28))/14)?
0
Suppose g = 3*j + j - 4, 4*j + g + 4 = 0. Let o be j/((-9)/(18/(-4))). Suppose m = 1 - o, -131 = -3*w - 2*m. What is the tens digit of w?
4
Let m = 1448 - -448. What is the hundreds digit of m?
8
Let y(j) be the first derivative of 3*j**3 + 8 + 3*j - 1/4*j**4 - 9/2*j**2. What is the units digit of y(6)?
7
Let h(d) = 40*d**2 - 7*d - 6. What is the tens digit of h(-3)?
7
What is the hundreds digit of 52695/35 - 48/84?
5
Let a = 334 + -188. Suppose z - a = -5*k, -6*z + 3*z - 3*k + 390 = 0. What is the tens digit of z?
2
Let r(m) = 2*m**2 - 13*m + 14. Suppose -4*u + 40 = -0*u. What is the tens digit of r(u)?
8
Suppose 4*v = 3 + 13. Suppose -2*i - 3*i - 635 = -5*c, -v*c = 5*i - 535. What is the tens digit of c?
3
Let j = -55 - 26. What is the tens digit of ((-2)/(-3))/((-3)/j)?
1
Let a(x) = 7*x - 55. Let p be a(9). Suppose -s + 44 = p. What is the tens digit of s?
3
Let x = -14 + 21. What is the units digit of (1 - (3 - x))*1?
5
What is the hundreds digit of (-7)/((-21)/3130) + 112/(-84)?
0
Let y be -2 + (2 - 3)*-2. Suppose 24 = -y*u - 3*u. Let s = 4 - u. What is the tens digit of s?
1
Suppose 0 = w - 0*w + 2*m + 4, w + 12 = -4*m. Suppose -5*p + 344 + 531 = 0. Suppose -p = -w*l - l. What is the units digit of l?
5
Suppose 7 = 4*r - 3*d - 34, -3*r = -2*d - 30. Suppose -r = -y + 1. What is the units digit of y?
9
Suppose j = v - 5439, -3*j + 16313 = 3*v - 2*j. What is the hundreds digit of v?
4
Suppose 0 = 43*j - 50*j + 1736. Suppose 10*p - 7*p = 2*u + 250, 3*p - u - j = 0. What is the units digit of p?
2
Suppose 22 = -3*h + d, 5*h - 2*d = -4*d - 33. Let c be (4/h)/((-2)/7). Suppose -4*t = -3*t - c. What is the units digit of t?
2
Let k be ((-26631)/132)/((-2)/8*1). Suppose -3*i = -k + 177. What is the units digit of i?
0
What is the hundreds digit of (-9)/(-9) + 461 + 3?
4
Let n(c) = -11*c**3 - 4*c**2 - 3*c + 6. What is the hundreds digit of n(-3)?
2
Let s(f) = f**3 + 18*f**2 + 22*f + 15. Let q be s(-17). Let x = q + 127. What is the tens digit of x?
5
Let h = 34 - -129. Let d = h - 113. Suppose -i + 35 = -s, i = -0*s - 4*s + d. What is the units digit of i?
8
Let h(g) be the third derivative of g**4/12 - 3*g**3/2 - g**2. Let n be h(5). What is the units digit of n/5 - 406/(-70)?
6
Suppose 0 = -5*v + 5. Suppose -m = -3*a - v - 11, a - 16 = -m. What is the units digit of m?
5
Suppose -1093 + 5407 = 3*v. What is the hundreds digit of v?
4
Let h = 248 + 395. What is the hundreds digit of h?
6
Let n(y) = -y**3 + 2*y + 52. Let x be n(0). Suppose -54 = -3*p - 5*q, -2*p + x = -5*q + 3*q. What is the units digit of p?
3
Let j = -76 - -79. Suppose -41 = -t + j*h, 3*t + t = -3*h + 239. What is the tens digit of t?
5
Let n = 358 - -463. What is the hundreds digit of n?
8
Suppose 5*p - 27 = -h, 2*h - 19 = -p - 2*p. Let w(o) = 1 - 13 + p - 4*o - 17. What is the units digit of w(-8)?
8
Let x be (-2 + 2)/(-1*2). Let l(z) = -14*z - 3. Let g be l(-3). Let a = g - x. What is the tens digit of a?
3
Let q = 3838 + -1125. What is the units digit of q?
3
Suppose -2 = -3*m + 16. What is the units digit of m?
6
Let y(r) = -109*r + 958. What is the tens digit of y(-35)?
7
Suppose -6*c + 3*c + 30 = 0. Let k = c + -4. Suppose k*o - 70 = o. What is the tens digit of o?
1
What is the units digit of (-27306)/(-99) + 3/(66/4)?
6
Let h = 24 - 32. What is the tens digit of (-764)/h - (-2)/4?
9
Suppose -18*f = -14991 - 14421. What is the thousands digit of f?
1
Let y(m) = 4*m**2 - m + 2. Let v(a) = -6*a**2 + 2*a - 3. Let c(w) = 5*v(w) + 8*y(w). Let r be c(-2). Suppose -r = -j + 8. What is the tens digit of j?
1
Let a = -4 + 14. Let z = -14 + a. What is the tens digit of -30*2*z/8?
3
Let a(p) = -p - 6. Let r be a(-9). Suppose -4*l + 77 = -r*o, 0*o = 5*o - 25. Suppose -l = 2*m - 65. What is the tens digit of m?
2
Suppose -5*k + 2*i - 5*i + 155 = 0, 0 = 4*i - 20. Suppose 2*s - 378 = k. What is the units digit of s?
3
Let b(u) = 15*u - 140. What is the hundreds digit of b(30)?
3
Suppose -2*k - 4*b = -3*k - 5, 0 = -k - b + 5. Let p(g) = g**2 + 15*g + 21. Let y(n) = -3*n - 4. Let t(h) = 2*p(h) + 11*y(h). What is the units digit of t(k)?
7
Let c be 1/6 - (-85)/(-6). Let m be (-10)/c + 6/21. What is the units digit of (-6)/12*-34*m?
7
Suppose 0 = -31*h + 29*h + 4*u + 1682, -3*u = -5*h + 4226. What is the hundreds digit of h?
8
Let z(g) = -g**2 + 8*g + 23. Let a(p) = -4*p - 12. Let j(u) = -5*a(u) - 2*z(u). What is the units digit of j(-5)?
4
Suppose 0 = 214*f - 202*f - 19152. What is the hundreds digit of f?
5
Suppose 68 = -30*c + 32*c. Suppose -42 = -2*m - c. What is the units digit of m?
4
Let t = -722 + 1148. What is the tens digit of t?
2
Let k(q) be the second derivative of q**4/12 - 5*q**3/2 - q**2/2 + 5*q. Let v(g) be the first derivative of k(g). What is the units digit of v(12)?
9
Let w = -1453 - -2414. What is the tens digit of w?
6
Let n(p) = 4*p**3 - 2*p**2 + 2*p - 2. Let f be n(2). Let j be 4/(-14) + 47/(-7). Let b = f + j. What is the tens digit of b?
1
Let x(w) = w**2 + 13*w + 12. Let f be x(-12). Suppose 5*u + 56 = m, -248 = -f*m - 4*m - 4*u. What is the units digit of m?
1
Let h(m) = 2*m - 6. Let x be h(5). Let w(o) be the third derivative of o**6/60 - 7*o**5/60 + o**4/6 + 5*o**3/6 - 24*o**2. What is the tens digit of w(x)?
3
Suppose -2*o + t + 2793 = 0, -2*o + 4*t - 2*t = -2792. What is the hundreds digit of o?
3
Suppose -4*z = -20, 0 = 3*i - 0*i - 2*z - 8. Suppose -7 = -i*u + 5. Suppose 3*p + 40 = 5*j + 16, u = p. What is the units digit of j?
6
Let m = -19 + 23. Suppose m*y - 45 = y. Let k = y + 1. What is the units digit of k?
6
Let q(u) = -24*u**2 - 14*u + 3. Let z be q(5). Let b = z - -982. What is the hundreds digit of b?
3
What is the tens digit of (18/21)/(((-296)/(-5712))/37)?
1
Suppose -5*i = -20, 174 = 3*w - 5*i - 289. Let b = w + -108. What is the units digit of b?
3
Let l = 29 - 27. What is the units digit of l/14 + 2448/112?
2
Let j be (-31108)/210 + 4/30. Let c = 66 - j. What is the units digit of c?
4
Let t(u) = -2*u**2 - 11*u - 5. Let l be t(-5). Suppose -2*i - 5*b + l*b = -161, 3*i - 254 = 5*b. What is the units digit of i?
3
Let q(g) be the second derivative of g**3/3 - 35*g + 1. Suppose 0 = 3*z - 32 + 11. What is the units digit of q(z)?
4
Let u(p) = p**3 - 3*p**2 - 7*p. Let w be u(5). Suppose -c + w = -3*y + 53, 5*y = 4*c + 145. Let x = c + 53. What is the tens digit of x?
1
Let s(f) be the second derivative of f**7/60 + f**5/60 - f**4/24 + 4*f**3/3 + 6*f. Let t(v) be the second derivative of s(v). What is the tens digit of t(1)?
1
Let p = 28 + -26. Suppose p*o - 2*v = 211 + 159, -2*v - 8 = 0. What is the units digit of o?
1
Let i = -4 - -6. Suppose -13 = -3*j - h, i = h - 2. Suppose 4*u = b - j*b - 4, -b + 33 = -5*u. What is the units digit of b?
8
Suppose 0 = -9*w + 8*w + 5*i + 267, -3*w + 746 = -4*i. What is the hundreds digit of w?
2
Suppose -8 - 4 = -2*q. Let h(z) be the second derivative of z**4/12 - z**3/2 - z**2/2 - 9*z - 5. What is the tens digit of h(q)?
1
Let y be (-21894)/36 + 1/6. Let g = 2 + 12. What is the tens digit of 4/7 - y/g?
4
Suppose -4*m = -n + 8, -4*n + m + 9 = -2*n. Let z(o) = 20*o + 3. Let f be z(n). Suppose -q + 4*l = 4*q - 415, -q - 2*l = -f. What is the tens digit of q?
8
Let h(d) = d**2 - 7*d - 29. Let b be h(-4). Let q = 121 + b. What is the hundreds digit of q?
1
Suppose a = 5*a - p - 15, 3*p = -a + 20. Let v(x) = 28*x - 21. What is the tens digit of v(a)?
1
Suppose 0 = -4*r + 2 + 30. Suppose -6*o = -4*o + r. Let b = o + 29. What is the units digit of b?
5
Let t(n) = -2*n - 9. Let i be t(-9). Suppose j - 3*j - i = -u, -9 = -3*u. What is the units digit of ((-9)/(-6))/(j/(-98))?
9
Suppose 6*d = 5*d - 1. Let t be d + (78 - 3) - 